[Wed Jun 10 17:48:35.929188 2015] [:error] [pid 384] [client 127.0.0.1:54565] query_jourjour = insert into jourjour(titre, contenu,distance, duree, numero_jour,autre_info,sary,repas,regroupement_dernier) values(' <span style=\\"font-weight:normal\\">09/03 et 10/03 </span>- Journ&eacute;es libres &agrave; Nosy Be','<p>Nombreuses activit&eacute;s possibles au d&eacute;part de l&rsquo;h&ocirc;tel pour votre s&eacute;jour : sports nautiques, p&ecirc;che, balade dans les &icirc;les et sorties en mer, plong&eacute;e bouteille ou en apn&eacute;e, location de motos et de v&eacute;los.<br />La r&eacute;ception de votre h&ocirc;tel saura vous conseiller et vous diriger pour toutes ces activit&eacute;s.<br /> En fin de journ&eacute;e, nous vous conseillons une balade au&nbsp;<strong>mont Passot</strong>&nbsp;qui offre un panorama superbe sur toute l&rsquo;&icirc;le au moment du&nbsp;<strong>coucher de soleil</strong>&nbsp;ou tout simplement farniente en bord de mer.</p>','','','9','','mt/JOURNEES/journee_libre_a_nosy_be.jpg','D&eacute;jeuner non inclus / D&icirc;ner&nbsp;&agrave; l\\'h&ocirc;tel',0)
[Wed Jun 10 17:48:35.929342 2015] [:error] [pid 384] [client 127.0.0.1:54565] query_jourjourhotelhour  = insert into jourjourhotelhour values('106987','106289')
[Wed Jun 10 17:48:35.929491 2015] [:error] [pid 384] [client 127.0.0.1:54565] query_voyagejourjour  = insert into voyagejourjour(id_voyage,id_jourjour) values ('4969','106987')
[Wed Jun 10 17:48:35.929774 2015] [:error] [pid 384] [client 127.0.0.1:54565] query_jourjour = insert into jourjour(titre, contenu,distance, duree, numero_jour,autre_info,sary,repas,regroupement_dernier) values(' <span style=\\"font-weight:normal\\">11/03 </span>- Nosy Be > Antananarivo (d&eacute;part)','<p style=&quot;cursor: default;&quot;>Matin&eacute;e libre et transfert &agrave; l&rsquo;a&eacute;roport &nbsp;pour le vol en direction de la capitale malgache.<br style=&quot;cursor: default;&quot; /> Selon l\\'horaire du vol int&eacute;rieur, d&eacute;jeuner sur place ou &agrave;&nbsp;<strong style=&quot;cursor: default;&quot;>Tana</strong>&nbsp;et visite du march&eacute;&nbsp;<strong style=&quot;cursor: default;&quot;>march&eacute; artisanal</strong>&nbsp;: de la&nbsp;<strong style=&quot;cursor: default;&quot;>vannerie</strong>, de la&nbsp;<strong style=&quot;cursor: default;&quot;>marqueterie</strong>, des&nbsp;<strong style=&quot;cursor: default;&quot;>sculptures sur bois</strong>, des&nbsp;<strong style=&quot;cursor: default;&quot;>petits jouets en fer</strong>, des&nbsp;<strong style=&quot;cursor: default;&quot;>voitures miniatures</strong>, des&nbsp;<strong style=&quot;cursor: default;&quot;>pierres semi-pr&eacute;cieuses</strong>.&nbsp;Le tout dans une ambiance d&eacute;tendue et bon enfant</p><p style=&quot;cursor: default;&quot;>&nbsp;</p><p style=&quot;cursor: default;&quot;>Transfert &agrave; l\\'a&eacute;roport de Tana en fin de journ&eacute;e pour le vol retour sur Marseille.</p>','','1h15 de vol','11','','mt/JOURNEES/nosy_be_antananarivo.jpg','D&eacute;jeuner non inclus / D&icirc;ner non inclus',0)
[Wed Jun 10 17:48:35.929955 2015] [:error] [pid 384] [client 127.0.0.1:54565] query_jourjourhotelhour  = insert into jourjourhotelhour values('106988','106290')
[Wed Jun 10 17:48:35.930100 2015] [:error] [pid 384] [client 127.0.0.1:54565] query_voyagejourjour  = insert into voyagejourjour(id_voyage,id_jourjour) values ('4969','106988')
[Wed Jun 10 17:48:35.930367 2015] [:error] [pid 384] [client 127.0.0.1:54565] query_jourjour = insert into jourjour(titre, contenu,distance, duree, numero_jour,autre_info,sary,repas,regroupement_dernier) values(' <span style=\\"font-weight:normal\\">12/03 </span>- Antananarivo &gt; Paris','<p>Vol Air Madagascar.</p>\\n<p>Nuit &agrave; bord.</p>\\n<p>Arriv&eacute;e &agrave; Paris&nbsp;en matin&eacute;e.</p>','','11h de vol','12','','mt/JOURNEES/paris_tana_md.jpg','D&eacute;jeuner non inclus / D&icirc;ner non inclus',0)
[Wed Jun 10 17:48:35.930515 2015] [:error] [pid 384] [client 127.0.0.1:54565] query_jourjourhotelhour  = insert into jourjourhotelhour values('106989','106291')
[Wed Jun 10 17:48:35.930651 2015] [:error] [pid 384] [client 127.0.0.1:54565] query_voyagejourjour  = insert into voyagejourjour(id_voyage,id_jourjour) values ('4969','106989')
[Wed Jun 10 17:48:35.935975 2015] [:error] [pid 384] [client 127.0.0.1:54565] id_vpg = 9260
[Wed Jun 10 17:48:55.818878 2015] [:error] [pid 410] [client 192.168.1.253:49869] is_open_query1 = INSERT INTO lecture_seules(url,login,date_timeout,premier)  values ('http://srvmt/moulinette/index.php/production/getCircuit/2140/0/4969','judith',now(),1), referer: http://srvmt/moulinette/index.php/production/getCircuit/2140/0/4969
[Wed Jun 10 17:48:56.648051 2015] [:error] [pid 410] [client 192.168.1.253:49869] PHP Notice:  Trying to get property of non-object in /var/www/html/M-Tours/pdf/getcircuit.php on line 614, referer: http://srvmt/moulinette/index.php/production/getCircuit/2140/0/4969
[Wed Jun 10 17:49:06.523311 2015] [:error] [pid 32734] [client 192.168.1.253:49871] is_open_query1 = INSERT INTO lecture_seules(url,login,date_timeout,premier)  values ('http://srvmt/moulinette/index.php/alacarte/lecircuit/1632','judith',now(),1), referer: http://srvmt/moulinette/index.php/alacarte/lecircuit/1632
[Wed Jun 10 17:49:06.533568 2015] [:error] [pid 410] [client 192.168.1.253:49869] is_open_query1 = INSERT INTO lecture_seules(url,login,date_timeout,premier)  values ('http://srvmt/moulinette/index.php/bienvenue/alacartes/0/1/326','judith',now(),1), referer: http://srvmt/moulinette/index.php/bienvenue/alacartes/0/1/326
[Wed Jun 10 17:49:15.406369 2015] [:error] [pid 32734] [client 192.168.1.253:49935] is_open_query1 = INSERT INTO lecture_seules(url,login,date_timeout,premier)  values ('http://srvmt/moulinette/index.php/production/getCircuit/2140/0','judith',now(),1), referer: http://srvmt/moulinette/index.php/production/getCircuit/2140/0
[Wed Jun 10 17:49:22.552858 2015] [:error] [pid 32095] [client 192.168.1.253:49956] is_open_query1 = INSERT INTO lecture_seules(url,login,date_timeout,premier)  values ('http://srvmt/moulinette/index.php/alacarte/lecircuit/1632','judith',now(),1), referer: http://srvmt/moulinette/index.php/alacarte/lecircuit/1632
[Wed Jun 10 17:49:22.560870 2015] [:error] [pid 403] [client 192.168.1.253:49958] is_open_query1 = INSERT INTO lecture_seules(url,login,date_timeout,premier)  values ('http://srvmt/moulinette/index.php/bienvenue/alacartes/0/1/326','judith',now(),1), referer: http://srvmt/moulinette/index.php/bienvenue/alacartes/0/1/326
[Wed Jun 10 17:49:54.441511 2015] [:error] [pid 535] [client 192.168.1.253:50044] is_open_query1 = INSERT INTO lecture_seules(url,login,date_timeout,premier)  values ('http://srvmt/moulinette/index.php/carnet/repertoire','M\xc3\xa9lanie',now(),1), referer: http://srvmt/moulinette/index.php/carnet/repertoire
[Wed Jun 10 17:51:09.834840 2015] [:error] [pid 415] [client 192.168.1.253:50352] isopen = select url,login from lecture_seules where url = 'http://srvmt/moulinette/index.php/alacarte/reservation/1734' order by date_timeout desc , referer: http://srvmt/moulinette/index.php/alacarte/lecircuit/1734
[Wed Jun 10 17:51:15.488953 2015] [:error] [pid 32748] [client 192.168.1.253:50387] isopen = select url,login from lecture_seules where url = 'http://srvmt/moulinette/index.php/alacarte/reservation/1734' order by date_timeout desc , referer: http://srvmt/moulinette/index.php/alacarte/lecircuit/1734
[Wed Jun 10 17:51:18.194117 2015] [:error] [pid 32748] [client 192.168.1.253:50387] is_open_query1 = INSERT INTO lecture_seules(url,login,date_timeout,premier)  values ('http://srvmt/moulinette/index.php/alacarte/lecircuit/1941','rina',now(),1), referer: http://srvmt/moulinette/index.php/alacarte/lecircuit/1941
[Wed Jun 10 17:51:21.436921 2015] [:error] [pid 32748] [client 192.168.1.253:50387] is_open_query1 = INSERT INTO lecture_seules(url,login,date_timeout,premier)  values ('http://srvmt/moulinette/index.php/alacarte/reservation/1734','rina',now(),1), referer: http://srvmt/moulinette/index.php/alacarte/reservation/1734
[Wed Jun 10 17:51:21.445507 2015] [:error] [pid 423] [client 192.168.1.253:50420] is_open_query1 = INSERT INTO lecture_seules(url,login,date_timeout,premier)  values ('http://srvmt/moulinette/index.php/alacarte/lecircuit/1734','rina',now(),1), referer: http://srvmt/moulinette/index.php/alacarte/lecircuit/1734
[Wed Jun 10 17:51:21.445507 2015] [:error] [pid 556] [client 192.168.1.253:50419] is_open_query1 = INSERT INTO lecture_seules(url,login,date_timeout,premier)  values ('http://srvmt/moulinette/index.php/alacarte/reservation/1941','rina',now(),1), referer: http://srvmt/moulinette/index.php/alacarte/reservation/1941
[Wed Jun 10 17:51:43.451535 2015] [:error] [pid 415] [client 192.168.1.253:50507] is_open_query1 = INSERT INTO lecture_seules(url,login,date_timeout,premier)  values ('http://srvmt/moulinette/index.php/auth/login','',now(),1), referer: http://srvmt/moulinette/index.php/auth/login
[Wed Jun 10 17:51:47.441032 2015] [:error] [pid 528] [client 192.168.1.253:50519] is_open_query1 = INSERT INTO lecture_seules(url,login,date_timeout,premier)  values ('http://srvmt/moulinette/index.php/bienvenue/accueil','judith',now(),1), referer: http://srvmt/moulinette/index.php/bienvenue/accueil
[Wed Jun 10 17:55:50.092452 2015] [:error] [pid 1038] [client 192.168.1.253:51229] is_open_query1 = INSERT INTO lecture_seules(url,login,date_timeout,premier)  values ('http://srvmt/moulinette/index.php/auth/login','',now(),1), referer: http://srvmt/moulinette/index.php/auth/login
[Wed Jun 10 17:58:33.443423 2015] [:error] [pid 1271] [client 192.168.1.253:51630] is_open_query1 = INSERT INTO lecture_seules(url,login,date_timeout,premier)  values ('http://srvmt/moulinette/index.php/alacarte/acceuil','rina',now(),1), referer: http://srvmt/moulinette/index.php/alacarte/acceuil
[Wed Jun 10 17:58:51.444351 2015] [:error] [pid 1181] [client 192.168.1.253:51663] is_open_query1 = INSERT INTO lecture_seules(url,login,date_timeout,premier)  values ('http://srvmt/moulinette/index.php/bienvenue/accueil#','tolotra',now(),1), referer: http://srvmt/moulinette/index.php/bienvenue/accueil
[Thu Jun 11 06:53:08.854817 2015] [:error] [pid 1631] [client 192.168.1.33:49794] PHP Notice:  Undefined index: print in /var/www/html/M-Tours/plugins/content/jwts.php on line 81
[Thu Jun 11 06:53:08.855091 2015] [:error] [pid 1631] [client 192.168.1.33:49794] PHP Notice:  Undefined index: format in /var/www/html/M-Tours/plugins/content/jwts.php on line 81
[Thu Jun 11 06:53:08.855203 2015] [:error] [pid 1631] [client 192.168.1.33:49794] PHP Notice:  Undefined variable: tabid in /var/www/html/M-Tours/plugins/content/jwts.php on line 112
[Thu Jun 11 06:53:08.855218 2015] [:error] [pid 1631] [client 192.168.1.33:49794] PHP Notice:  Undefined variable: tabid in /var/www/html/M-Tours/plugins/content/jwts.php on line 113
[Thu Jun 11 06:53:08.855250 2015] [:error] [pid 1631] [client 192.168.1.33:49794] PHP Notice:  Undefined index: print in /var/www/html/M-Tours/plugins/content/jwts.php on line 139
[Thu Jun 11 06:53:08.855258 2015] [:error] [pid 1631] [client 192.168.1.33:49794] PHP Notice:  Undefined index: format in /var/www/html/M-Tours/plugins/content/jwts.php on line 139
[Thu Jun 11 06:53:08.862595 2015] [:error] [pid 1631] [client 192.168.1.33:49794] captcha_dd = 79PHG9
[Thu Jun 11 06:53:08.916645 2015] [:error] [pid 1631] [client 192.168.1.33:49794] PHP Warning:  imagepng(): Unable to open 'captcha/captcha_dd.png' for writing: Permission denied in /var/www/html/M-Tours/captcha/captcha_dd.php on line 62
[Thu Jun 11 06:53:08.916715 2015] [:error] [pid 1631] [client 192.168.1.33:49794] PHP Notice:  Undefined variable: id_content in /var/www/html/M-Tours/modules/mod_btn_pdf/mod_btn_pdf.php on line 100
[Thu Jun 11 06:53:08.919755 2015] [:error] [pid 1631] [client 192.168.1.33:49794] PHP Notice:  Undefined index: HTTPS in /var/www/html/M-Tours/modules/mod_jshareeasy/mod_jshareeasy.php on line 49
[Thu Jun 11 06:53:08.919773 2015] [:error] [pid 1631] [client 192.168.1.33:49794] PHP Notice:  Undefined index: HTTPS in /var/www/html/M-Tours/modules/mod_jshareeasy/mod_jshareeasy.php on line 49
[Thu Jun 11 06:53:08.922848 2015] [:error] [pid 1631] [client 192.168.1.33:49794] PHP Notice:  Undefined property: JDocumentRendererModule::$baseurl in /var/www/html/M-Tours/modules/mod_contact_mt/mod_contact_mt.php on line 40
[Thu Jun 11 06:53:09.537681 2015] [:error] [pid 1631] [client 192.168.1.33:49794] PHP Notice:  Undefined offset: 9 in /var/www/html/M-Tours/modules/mod_jourjour/mod_jourjour.php on line 60
[Thu Jun 11 06:53:09.537699 2015] [:error] [pid 1631] [client 192.168.1.33:49794] PHP Notice:  Trying to get property of non-object in /var/www/html/M-Tours/modules/mod_jourjour/mod_jourjour.php on line 60
[Thu Jun 11 06:53:09.639854 2015] [:error] [pid 1631] [client 192.168.1.33:49794] PHP Notice:  Undefined offset: 2 in /var/www/html/M-Tours/modules/mod_info_prix/mod_info_prix.php on line 23
[Thu Jun 11 06:53:09.639911 2015] [:error] [pid 1631] [client 192.168.1.33:49794] PHP Notice:  Undefined property: JDocumentRendererModule::$baseurl in /var/www/html/M-Tours/modules/mod_info_prix/mod_info_prix.php on line 72
[Thu Jun 11 06:53:09.642889 2015] [:error] [pid 1631] [client 192.168.1.33:49794] PHP Notice:  Undefined property: JDocumentRendererModule::$baseurl in /var/www/html/M-Tours/modules/mod_date_mesure/mod_date_mesure.php on line 40
[Thu Jun 11 06:53:09.816867 2015] [:error] [pid 1631] [client 192.168.1.33:49794] PHP Notice:  Undefined variable: query_in in /var/www/html/M-Tours/modules/mod_multi_search/tmpl/default_tmpl.php on line 121
[Thu Jun 11 06:53:09.816899 2015] [:error] [pid 1631] [client 192.168.1.33:49794] query o = select title,resume as text,id,sary,saritany from jos_content where  garage=0 and catid=3  and introtext like '%%'
[Thu Jun 11 06:53:17.446096 2015] [:error] [pid 1643] [client 192.168.1.33:49995] is_open_query1 = INSERT INTO lecture_seules(url,login,date_timeout,premier)  values ('http://srvmt/moulinette/index.php/auth/login','',now(),1), referer: http://srvmt/moulinette/index.php/auth/login
[Thu Jun 11 06:58:54.460741 2015] [:error] [pid 1627] [client 192.168.1.33:50306] olivier, referer: http://srvmt/moulinette/index.php/auth/login
[Thu Jun 11 06:58:54.460771 2015] [:error] [pid 1627] [client 192.168.1.33:50306] voilier, referer: http://srvmt/moulinette/index.php/auth/login
[Thu Jun 11 06:59:19.899418 2015] [:error] [pid 1627] [client 192.168.1.33:50306] is_open_query1 = INSERT INTO lecture_seules(url,login,date_timeout,premier)  values ('http://srvmt/moulinette/index.php/bienvenue/accueil','olivier',now(),1), referer: http://srvmt/moulinette/index.php/bienvenue/accueil
[Thu Jun 11 07:02:03.739563 2015] [:error] [pid 1181] [client 192.168.1.33:50493] isopen = select url,login from lecture_seules where url = 'http://srvmt/moulinette/index.php/alacarte/acceuil' order by date_timeout desc , referer: http://srvmt/moulinette/index.php/bienvenue/accueil
[Thu Jun 11 07:02:03.739891 2015] [:error] [pid 1181] [client 192.168.1.33:50493] is_open_query1 = INSERT INTO lecture_seules(url,login,date_timeout,premier)  values ('http://srvmt/moulinette/index.php/alacarte/acceuil','olivier',now(),1), referer: http://srvmt/moulinette/index.php/bienvenue/accueil
[Thu Jun 11 07:02:15.216462 2015] [:error] [pid 1205] [client 192.168.1.33:50527] isopen = select url,login from lecture_seules where url = 'http://srvmt/moulinette/index.php/compte_client/compteclient' order by date_timeout desc , referer: http://srvmt/moulinette/index.php/bienvenue/accueil
[Thu Jun 11 07:02:15.216672 2015] [:error] [pid 1205] [client 192.168.1.33:50527] is_open_query1 = INSERT INTO lecture_seules(url,login,date_timeout,premier)  values ('http://srvmt/moulinette/index.php/compte_client/compteclient','olivier',now(),1), referer: http://srvmt/moulinette/index.php/bienvenue/accueil
[Thu Jun 11 07:02:22.404941 2015] [:error] [pid 1133] [client 192.168.1.33:50539] is_open_query1 = INSERT INTO lecture_seules(url,login,date_timeout,premier)  values ('http://srvmt/moulinette/index.php/alacarte/acceuil','olivier',now(),1), referer: http://srvmt/moulinette/index.php/alacarte/acceuil
[Thu Jun 11 07:02:28.990374 2015] [:error] [pid 1133] [client 192.168.1.33:50539] is_open_query1 = INSERT INTO lecture_seules(url,login,date_timeout,premier)  values ('http://srvmt/moulinette/index.php/compte_client/compteclient','olivier',now(),1), referer: http://srvmt/moulinette/index.php/compte_client/compteclient
[Thu Jun 11 07:03:34.207835 2015] [:error] [pid 1697] [client 192.168.1.33:50528] isopen = select url,login from lecture_seules where url = 'http://srvmt/moulinette/index.php/alacarte/lecircuit/1744' order by date_timeout desc , referer: http://srvmt/moulinette/index.php/alacarte/acceuil
[Thu Jun 11 07:03:34.208151 2015] [:error] [pid 1697] [client 192.168.1.33:50528] is_open_query1 = INSERT INTO lecture_seules(url,login,date_timeout,premier)  values ('http://srvmt/moulinette/index.php/alacarte/lecircuit/1744','olivier',now(),1), referer: http://srvmt/moulinette/index.php/alacarte/acceuil
[Thu Jun 11 07:14:31.877514 2015] [:error] [pid 1639] [client 192.168.1.33:50785] isopen = select url,login from lecture_seules where url = 'http://srvmt/moulinette/index.php/compte_client/comptefournisseur' order by date_timeout desc , referer: http://srvmt/moulinette/index.php/compte_client/compteclient
[Thu Jun 11 07:14:31.877827 2015] [:error] [pid 1639] [client 192.168.1.33:50785] is_open_query1 = INSERT INTO lecture_seules(url,login,date_timeout,premier)  values ('http://srvmt/moulinette/index.php/compte_client/comptefournisseur','olivier',now(),1), referer: http://srvmt/moulinette/index.php/compte_client/compteclient
[Thu Jun 11 07:50:01.018125 2015] [:error] [pid 1697] [client 192.168.1.253:50184] angola, referer: http://srvmt/moulinette/index.php/auth/login
[Thu Jun 11 07:50:01.018156 2015] [:error] [pid 1697] [client 192.168.1.253:50184] soa, referer: http://srvmt/moulinette/index.php/auth/login
[Thu Jun 11 07:50:02.400592 2015] [:error] [pid 1631] [client 192.168.1.253:50199] is_open_query1 = INSERT INTO lecture_seules(url,login,date_timeout,premier)  values ('http://srvmt/moulinette/index.php/auth/login','',now(),1), referer: http://srvmt/moulinette/index.php/auth/login
[Thu Jun 11 07:53:03.933803 2015] [:error] [pid 1697] [client 192.168.1.253:50296] isopen = select url,login from lecture_seules where url = 'http://srvmt/moulinette/index.php/alacarte/acceuil' order by date_timeout desc , referer: http://srvmt/moulinette/index.php/bienvenue/accueil
[Thu Jun 11 07:53:03.934143 2015] [:error] [pid 1697] [client 192.168.1.253:50296] is_open_query1 = INSERT INTO lecture_seules(url,login,date_timeout,premier)  values ('http://srvmt/moulinette/index.php/alacarte/acceuil','angola',now(),0), referer: http://srvmt/moulinette/index.php/bienvenue/accueil
[Thu Jun 11 07:54:40.916416 2015] [:error] [pid 1133] [client 192.168.1.253:50338] isopen = select url,login from lecture_seules where url = 'http://srvmt/moulinette/index.php/alacarte/lecircuit/1930' order by date_timeout desc , referer: http://srvmt/moulinette/index.php/alacarte/acceuil
[Thu Jun 11 07:54:40.916725 2015] [:error] [pid 1133] [client 192.168.1.253:50338] is_open_query1 = INSERT INTO lecture_seules(url,login,date_timeout,premier)  values ('http://srvmt/moulinette/index.php/alacarte/lecircuit/1930','angola',now(),1), referer: http://srvmt/moulinette/index.php/alacarte/acceuil
[Thu Jun 11 07:54:51.585941 2015] [:error] [pid 5799] [client 192.168.1.253:50346] is_open_query1 = INSERT INTO lecture_seules(url,login,date_timeout,premier)  values ('http://srvmt/moulinette/index.php/alacarte/lecircuit/1930','angola',now(),1), referer: http://srvmt/moulinette/index.php/alacarte/lecircuit/1930
[Thu Jun 11 07:54:56.202615 2015] [:error] [pid 5799] [client 192.168.1.253:50346] isopen = select url,login from lecture_seules where url = 'http://srvmt/moulinette/index.php/alacarte/reservation/1930' order by date_timeout desc , referer: http://srvmt/moulinette/index.php/alacarte/lecircuit/1930
[Thu Jun 11 07:54:56.202844 2015] [:error] [pid 5799] [client 192.168.1.253:50346] is_open_query1 = INSERT INTO lecture_seules(url,login,date_timeout,premier)  values ('http://srvmt/moulinette/index.php/alacarte/reservation/1930','angola',now(),1), referer: http://srvmt/moulinette/index.php/alacarte/lecircuit/1930
[Thu Jun 11 07:55:20.934222 2015] [:error] [pid 1985] [client 192.168.1.253:50350] alacartemodel - saveresa : vita ny enregistrement, referer: http://srvmt/moulinette/index.php/alacarte/reservation/1930
[Thu Jun 11 07:55:35.545782 2015] [:error] [pid 2860] [client 192.168.1.253:50398] is_open_query1 = INSERT INTO lecture_seules(url,login,date_timeout,premier)  values ('http://srvmt/moulinette/index.php/alacarte/reservation/1930','angola',now(),1), referer: http://srvmt/moulinette/index.php/alacarte/reservation/1930
[Thu Jun 11 07:55:38.042509 2015] [:error] [pid 5798] [client 192.168.1.253:50401] is_open_query1 = INSERT INTO lecture_seules(url,login,date_timeout,premier)  values ('http://srvmt/moulinette/index.php/alacarte/lecircuit/1930','angola',now(),1), referer: http://srvmt/moulinette/index.php/alacarte/lecircuit/1930
[Thu Jun 11 07:57:17.923597 2015] [:error] [pid 1133] [client 192.168.1.253:50472] isopen = select url,login from lecture_seules where url = 'http://srvmt/moulinette/index.php/alacarte/lecircuit/1744' order by date_timeout desc , referer: http://srvmt/moulinette/index.php/alacarte/acceuil
[Thu Jun 11 07:57:17.923927 2015] [:error] [pid 1133] [client 192.168.1.253:50472] is_open_query1 = INSERT INTO lecture_seules(url,login,date_timeout,premier)  values ('http://srvmt/moulinette/index.php/alacarte/lecircuit/1744','angola',now(),0), referer: http://srvmt/moulinette/index.php/alacarte/acceuil
[Thu Jun 11 07:57:18.511320 2015] [:error] [pid 1133] [client 192.168.1.253:50472] PHP Fatal error:  Uncaught exception 'Exception' with message 'En l\xc3\xa9cture seule, vous ne pouvez pas ajouter.' in /var/www/html/moulinette/application/core/ST_Model.php:120\nStack trace:\n#0 /var/www/html/moulinette/application/models/alacartemodel.php(1113): ST_Model->create(Array)\n#1 /var/www/html/moulinette/application/controllers/alacarte.php(1497): alacartemodel->saveresaGroupe('1744')\n#2 [internal function]: alacarte->lecircuit('1744')\n#3 /var/www/html/moulinette/system/core/CodeIgniter.php(359): call_user_func_array(Array, Array)\n#4 /var/www/html/moulinette/index.php(202): require_once('/var/www/html/m...')\n#5 {main}\n  thrown in /var/www/html/moulinette/application/core/ST_Model.php on line 120, referer: http://srvmt/moulinette/index.php/alacarte/acceuil
[Thu Jun 11 07:58:44.692230 2015] [:error] [pid 2860] [client 192.168.1.253:50675] isopen = select url,login from lecture_seules where url = 'http://srvmt/moulinette/index.php/alacarte/lecircuit/1990' order by date_timeout desc , referer: http://srvmt/moulinette/index.php/alacarte/acceuil
[Thu Jun 11 07:58:44.692573 2015] [:error] [pid 2860] [client 192.168.1.253:50675] is_open_query1 = INSERT INTO lecture_seules(url,login,date_timeout,premier)  values ('http://srvmt/moulinette/index.php/alacarte/lecircuit/1990','angola',now(),1), referer: http://srvmt/moulinette/index.php/alacarte/acceuil
[Thu Jun 11 07:58:56.577584 2015] [:error] [pid 1181] [client 192.168.1.253:50711] isopen = select url,login from lecture_seules where url = 'http://srvmt/moulinette/index.php/alacarte/reservation/1990' order by date_timeout desc , referer: http://srvmt/moulinette/index.php/alacarte/lecircuit/1990
[Thu Jun 11 07:58:56.577864 2015] [:error] [pid 1181] [client 192.168.1.253:50711] is_open_query1 = INSERT INTO lecture_seules(url,login,date_timeout,premier)  values ('http://srvmt/moulinette/index.php/alacarte/reservation/1990','angola',now(),1), referer: http://srvmt/moulinette/index.php/alacarte/lecircuit/1990
[Thu Jun 11 08:06:22.674452 2015] [:error] [pid 2860] [client 192.168.1.253:51046] isopen = select url,login from lecture_seules where url = 'http://srvmt/moulinette/index.php/alacarte/lecircuit/1744' order by date_timeout desc , referer: http://srvmt/moulinette/index.php/alacarte/acceuil
[Thu Jun 11 08:06:22.674770 2015] [:error] [pid 2860] [client 192.168.1.253:51046] is_open_query1 = INSERT INTO lecture_seules(url,login,date_timeout,premier)  values ('http://srvmt/moulinette/index.php/alacarte/lecircuit/1744','angola',now(),0), referer: http://srvmt/moulinette/index.php/alacarte/acceuil
[Thu Jun 11 08:06:23.076044 2015] [:error] [pid 2860] [client 192.168.1.253:51046] PHP Fatal error:  Uncaught exception 'Exception' with message 'En l\xc3\xa9cture seule, vous ne pouvez pas ajouter.' in /var/www/html/moulinette/application/core/ST_Model.php:120\nStack trace:\n#0 /var/www/html/moulinette/application/models/alacartemodel.php(1113): ST_Model->create(Array)\n#1 /var/www/html/moulinette/application/controllers/alacarte.php(1497): alacartemodel->saveresaGroupe('1744')\n#2 [internal function]: alacarte->lecircuit('1744')\n#3 /var/www/html/moulinette/system/core/CodeIgniter.php(359): call_user_func_array(Array, Array)\n#4 /var/www/html/moulinette/index.php(202): require_once('/var/www/html/m...')\n#5 {main}\n  thrown in /var/www/html/moulinette/application/core/ST_Model.php on line 120, referer: http://srvmt/moulinette/index.php/alacarte/acceuil
[Thu Jun 11 08:07:01.522731 2015] [:error] [pid 1697] [client 192.168.1.253:51074] isopen = select url,login from lecture_seules where url = 'http://srvmt/moulinette/index.php/alacarte/lecircuit/2035' order by date_timeout desc , referer: http://srvmt/moulinette/index.php/alacarte/acceuil
[Thu Jun 11 08:07:01.523066 2015] [:error] [pid 1697] [client 192.168.1.253:51074] is_open_query1 = INSERT INTO lecture_seules(url,login,date_timeout,premier)  values ('http://srvmt/moulinette/index.php/alacarte/lecircuit/2035','angola',now(),1), referer: http://srvmt/moulinette/index.php/alacarte/acceuil
[Thu Jun 11 08:07:54.062852 2015] [:error] [pid 5800] [client 192.168.1.253:51086] isopen = select url,login from lecture_seules where url = 'http://srvmt/moulinette/index.php/alacarte/lecircuit/1825' order by date_timeout desc , referer: http://srvmt/moulinette/index.php/alacarte/acceuil
[Thu Jun 11 08:07:54.063191 2015] [:error] [pid 5800] [client 192.168.1.253:51086] is_open_query1 = INSERT INTO lecture_seules(url,login,date_timeout,premier)  values ('http://srvmt/moulinette/index.php/alacarte/lecircuit/1825','angola',now(),1), referer: http://srvmt/moulinette/index.php/alacarte/acceuil
[Thu Jun 11 08:08:02.890718 2015] [:error] [pid 5798] [client 192.168.1.253:51101] is_open_query1 = INSERT INTO lecture_seules(url,login,date_timeout,premier)  values ('http://srvmt/moulinette/index.php/alacarte/reservation/1930','angola',now(),1), referer: http://srvmt/moulinette/index.php/alacarte/reservation/1930
[Thu Jun 11 08:08:40.151693 2015] [:error] [pid 5800] [client 192.168.1.253:51128] isopen = select url,login from lecture_seules where url = 'http://srvmt/moulinette/index.php/alacarte/lecircuit/1548' order by date_timeout desc , referer: http://srvmt/moulinette/index.php/alacarte/acceuil
[Thu Jun 11 08:08:40.152011 2015] [:error] [pid 5800] [client 192.168.1.253:51128] is_open_query1 = INSERT INTO lecture_seules(url,login,date_timeout,premier)  values ('http://srvmt/moulinette/index.php/alacarte/lecircuit/1548','angola',now(),1), referer: http://srvmt/moulinette/index.php/alacarte/acceuil
[Thu Jun 11 08:09:29.418058 2015] [:error] [pid 2860] [client 192.168.1.253:51175] isopen = select url,login from lecture_seules where url = 'http://srvmt/moulinette/index.php/alacarte/reservation/1548' order by date_timeout desc , referer: http://srvmt/moulinette/index.php/alacarte/lecircuit/1548
[Thu Jun 11 08:09:29.418489 2015] [:error] [pid 2860] [client 192.168.1.253:51175] is_open_query1 = INSERT INTO lecture_seules(url,login,date_timeout,premier)  values ('http://srvmt/moulinette/index.php/alacarte/reservation/1548','angola',now(),1), referer: http://srvmt/moulinette/index.php/alacarte/lecircuit/1548
[Thu Jun 11 08:09:43.483595 2015] [:error] [pid 1181] [client 192.168.1.234:49222] is_open_query1 = INSERT INTO lecture_seules(url,login,date_timeout,premier)  values ('http://srvmt/moulinette/index.php/auth/login','',now(),1), referer: http://srvmt/moulinette/index.php/auth/login
[Thu Jun 11 08:12:08.291920 2015] [:error] [pid 7422] [client 192.168.1.253:51323] is_open_query1 = INSERT INTO lecture_seules(url,login,date_timeout,premier)  values ('http://srvmt/moulinette/index.php/alacarte/lecircuit/1548','angola',now(),1), referer: http://srvmt/moulinette/index.php/alacarte/lecircuit/1548
[Thu Jun 11 08:13:02.939672 2015] [:error] [pid 7607] [client 192.168.1.253:51376] alacartemodel - saveresa : vita ny enregistrement, referer: http://srvmt/moulinette/index.php/alacarte/reservation/1548
[Thu Jun 11 08:14:33.231631 2015] [:error] [pid 7716] [client 192.168.1.253:51456] alacartemodel - saveresa : vita ny enregistrement, referer: http://srvmt/moulinette/index.php/alacarte/reservation/1548
[Thu Jun 11 08:15:38.441879 2015] [:error] [pid 1205] [client 192.168.1.253:51508] is_open_query1 = INSERT INTO lecture_seules(url,login,date_timeout,premier)  values ('http://srvmt/moulinette/index.php/alacarte/lecircuit/1548','angola',now(),1), referer: http://srvmt/moulinette/index.php/alacarte/lecircuit/1548
[Thu Jun 11 08:24:51.541519 2015] [:error] [pid 8406] [client 192.168.1.234:50090] bruno, referer: http://srvmt/moulinette/index.php/auth/login
[Thu Jun 11 08:24:51.541551 2015] [:error] [pid 8406] [client 192.168.1.234:50090] smarttech?, referer: http://srvmt/moulinette/index.php/auth/login
[Thu Jun 11 08:26:01.655428 2015] [:error] [pid 8600] [client 192.168.1.234:50109] isopen = select url,login from lecture_seules where url = 'http://srvmt/moulinette/index.php/datefixe/tousto' order by date_timeout desc , referer: http://srvmt/moulinette/index.php/bienvenue/accueil
[Thu Jun 11 08:26:01.655755 2015] [:error] [pid 8600] [client 192.168.1.234:50109] is_open_query1 = INSERT INTO lecture_seules(url,login,date_timeout,premier)  values ('http://srvmt/moulinette/index.php/datefixe/tousto','bruno',now(),1), referer: http://srvmt/moulinette/index.php/bienvenue/accueil
[Thu Jun 11 08:26:07.293439 2015] [:error] [pid 8584] [client 192.168.1.51:53891] is_open_query1 = INSERT INTO lecture_seules(url,login,date_timeout,premier)  values ('http://srvmt/moulinette/index.php/bienvenue/tableauDeBord','sophie',now(),1), referer: http://srvmt/moulinette/index.php/bienvenue/tableauDeBord
[Thu Jun 11 08:26:46.618202 2015] [:error] [pid 8258] [client 192.168.1.234:50117] isopen = select url,login from lecture_seules where url = 'http://srvmt/moulinette/index.php/alacarte/acceuil' order by date_timeout desc , referer: http://srvmt/moulinette/index.php/bienvenue/accueil
[Thu Jun 11 08:26:46.618374 2015] [:error] [pid 8258] [client 192.168.1.234:50117] is_open_query1 = INSERT INTO lecture_seules(url,login,date_timeout,premier)  values ('http://srvmt/moulinette/index.php/alacarte/acceuil','bruno',now(),0), referer: http://srvmt/moulinette/index.php/bienvenue/accueil
[Thu Jun 11 08:27:22.999013 2015] [:error] [pid 7996] [client 192.168.1.234:50119] isopen = select url,login from lecture_seules where url = 'http://srvmt/moulinette/index.php/alacarte/lecircuit/1523/148' order by date_timeout desc , referer: http://srvmt/moulinette/index.php/alacarte/acceuil
[Thu Jun 11 08:27:22.999313 2015] [:error] [pid 7996] [client 192.168.1.234:50119] is_open_query1 = INSERT INTO lecture_seules(url,login,date_timeout,premier)  values ('http://srvmt/moulinette/index.php/alacarte/lecircuit/1523/148','bruno',now(),1), referer: http://srvmt/moulinette/index.php/alacarte/acceuil
[Thu Jun 11 08:27:31.678188 2015] [:error] [pid 7996] [client 192.168.1.234:50119] isopen = select url,login from lecture_seules where url = 'http://srvmt/moulinette/index.php/alacarte/ajoutpax/1/1523/987/148/1' order by date_timeout desc , referer: http://srvmt/moulinette/index.php/alacarte/lecircuit/1523/148
[Thu Jun 11 08:27:31.678490 2015] [:error] [pid 7996] [client 192.168.1.234:50119] is_open_query1 = INSERT INTO lecture_seules(url,login,date_timeout,premier)  values ('http://srvmt/moulinette/index.php/alacarte/ajoutpax/1/1523/987/148/1','bruno',now(),1), referer: http://srvmt/moulinette/index.php/alacarte/lecircuit/1523/148
[Thu Jun 11 08:27:47.314409 2015] [:error] [pid 8755] [client 192.168.1.253:52451] is_open_query1 = INSERT INTO lecture_seules(url,login,date_timeout,premier)  values ('http://srvmt/moulinette/index.php/alacarte/reservation/1548','angola',now(),1), referer: http://srvmt/moulinette/index.php/alacarte/reservation/1548
[Thu Jun 11 08:27:47.317667 2015] [:error] [pid 8804] [client 192.168.1.253:52453] is_open_query1 = INSERT INTO lecture_seules(url,login,date_timeout,premier)  values ('http://srvmt/moulinette/index.php/alacarte/lecircuit/1990','angola',now(),1), referer: http://srvmt/moulinette/index.php/alacarte/lecircuit/1990
[Thu Jun 11 08:27:47.320898 2015] [:error] [pid 7772] [client 192.168.1.253:52454] is_open_query1 = INSERT INTO lecture_seules(url,login,date_timeout,premier)  values ('http://srvmt/moulinette/index.php/alacarte/reservation/1930','angola',now(),1), referer: http://srvmt/moulinette/index.php/alacarte/reservation/1930
[Thu Jun 11 08:27:47.324959 2015] [:error] [pid 8382] [client 192.168.1.253:52452] is_open_query1 = INSERT INTO lecture_seules(url,login,date_timeout,premier)  values ('http://srvmt/moulinette/index.php/alacarte/reservation/1990','angola',now(),1), referer: http://srvmt/moulinette/index.php/alacarte/reservation/1990
[Thu Jun 11 08:27:47.327538 2015] [:error] [pid 8755] [client 192.168.1.253:52451] is_open_query1 = INSERT INTO lecture_seules(url,login,date_timeout,premier)  values ('http://srvmt/moulinette/index.php/alacarte/lecircuit/1930','angola',now(),1), referer: http://srvmt/moulinette/index.php/alacarte/lecircuit/1930
[Thu Jun 11 08:27:47.979525 2015] [:error] [pid 8755] [client 192.168.1.253:52451] is_open_query1 = INSERT INTO lecture_seules(url,login,date_timeout,premier)  values ('http://srvmt/moulinette/index.php/alacarte/lecircuit/1548','angola',now(),1), referer: http://srvmt/moulinette/index.php/alacarte/lecircuit/1548
[Thu Jun 11 08:28:07.474436 2015] [:error] [pid 8382] [client 192.168.1.253:52490] PHP Notice:  Undefined variable: adresse in /var/www/html/M-Tours/modules/mod_ml/mod_ml.php on line 51
[Thu Jun 11 08:28:07.477763 2015] [:error] [pid 8382] [client 192.168.1.253:52490] PHP Notice:  Undefined property: JDocumentRendererModule::$baseurl in /var/www/html/M-Tours/modules/mod_voyage_carte/mod_voyage_carte.php on line 34
[Thu Jun 11 08:28:07.479018 2015] [:error] [pid 8382] [client 192.168.1.253:52490] PHP Notice:  Undefined property: JDocumentRendererModule::$baseurl in /var/www/html/M-Tours/modules/mod_voyage_trekking/mod_voyage_trekking.php on line 19
[Thu Jun 11 08:28:07.480257 2015] [:error] [pid 8382] [client 192.168.1.253:52490] PHP Notice:  Undefined property: JDocumentRendererModule::$baseurl in /var/www/html/M-Tours/modules/mod_voyage_garantis/mod_voyage_garantis.php on line 19
[Thu Jun 11 08:28:07.481788 2015] [:error] [pid 8382] [client 192.168.1.253:52490] PHP Notice:  Undefined property: JDocumentRendererModule::$baseurl in /var/www/html/M-Tours/modules/mod_voyage_luxe_confort/mod_voyage_luxe_confort.php on line 19
[Thu Jun 11 08:28:07.483043 2015] [:error] [pid 8382] [client 192.168.1.253:52490] PHP Notice:  Undefined property: JDocumentRendererModule::$baseurl in /var/www/html/M-Tours/modules/mod_voyage_aventure/mod_voyage_aventure.php on line 19
[Thu Jun 11 08:28:07.484064 2015] [:error] [pid 8382] [client 192.168.1.253:52490] PHP Notice:  Undefined property: JDocumentRendererModule::$baseurl in /var/www/html/M-Tours/modules/mod_voyage_theme_accueil/mod_voyage_theme_accueil.php on line 19
[Thu Jun 11 08:28:07.490189 2015] [:error] [pid 8382] [client 192.168.1.253:52490] PHP Notice:  Undefined variable: query_in in /var/www/html/M-Tours/modules/mod_multi_search/tmpl/default_tmpl.php on line 121
[Thu Jun 11 08:28:07.490211 2015] [:error] [pid 8382] [client 192.168.1.253:52490] query o = select title,resume as text,id,sary,saritany from jos_content where  garage=0 and catid=3  and introtext like '%%'
[Thu Jun 11 08:28:13.919542 2015] [:error] [pid 8584] [client 192.168.1.51:53914] is_open_query1 = INSERT INTO lecture_seules(url,login,date_timeout,premier)  values ('http://srvmt/moulinette/index.php/bienvenue/tableauDeBord','sophie',now(),1), referer: http://srvmt/moulinette/index.php/bienvenue/tableauDeBord
[Thu Jun 11 08:28:14.400035 2015] [:error] [pid 8394] [client 192.168.1.253:52603] is_open_query1 = INSERT INTO lecture_seules(url,login,date_timeout,premier)  values ('http://srvmt/moulinette/index.php/auth/login','',now(),1), referer: http://srvmt/moulinette/index.php/auth/login
[Thu Jun 11 08:29:36.041602 2015] [:error] [pid 8394] [client 192.168.1.253:52792] felana, referer: http://srvmt/moulinette/index.php/auth/login
[Thu Jun 11 08:29:36.041633 2015] [:error] [pid 8394] [client 192.168.1.253:52792] felana, referer: http://srvmt/moulinette/index.php/auth/login
[Thu Jun 11 08:30:50.433892 2015] [:error] [pid 8886] [client 192.168.1.234:50144] is_open_query1 = INSERT INTO lecture_seules(url,login,date_timeout,premier)  values ('http://srvmt/moulinette/index.php/bienvenue/accueil','bruno',now(),1), referer: http://srvmt/moulinette/index.php/bienvenue/accueil
[Thu Jun 11 08:30:51.396656 2015] [:error] [pid 8394] [client 192.168.1.253:52906] is_open_query1 = INSERT INTO lecture_seules(url,login,date_timeout,premier)  values ('http://srvmt/moulinette/index.php/alacarte/acceuil','angola',now(),1), referer: http://srvmt/moulinette/index.php/alacarte/acceuil
[Thu Jun 11 08:30:59.026725 2015] [:error] [pid 9017] [client 192.168.1.253:52910] isopen = select url,login from lecture_seules where url = 'http://srvmt/moulinette/index.php/production/getCircuit/2144' order by date_timeout desc , referer: http://srvmt/moulinette/index.php/bienvenue/accueil
[Thu Jun 11 08:30:59.027048 2015] [:error] [pid 9017] [client 192.168.1.253:52910] is_open_query1 = INSERT INTO lecture_seules(url,login,date_timeout,premier)  values ('http://srvmt/moulinette/index.php/production/getCircuit/2144','felana',now(),1), referer: http://srvmt/moulinette/index.php/bienvenue/accueil
[Thu Jun 11 08:31:00.856400 2015] [:error] [pid 8394] [client 192.168.1.33:51993] is_open_query1 = INSERT INTO lecture_seules(url,login,date_timeout,premier)  values ('http://srvmt/moulinette/index.php/compte_client/compteclient','olivier',now(),1), referer: http://srvmt/moulinette/index.php/compte_client/compteclient
[Thu Jun 11 08:31:00.856887 2015] [:error] [pid 9093] [client 192.168.1.33:51997] is_open_query1 = INSERT INTO lecture_seules(url,login,date_timeout,premier)  values ('http://srvmt/moulinette/index.php/alacarte/lecircuit/1744','olivier',now(),1), referer: http://srvmt/moulinette/index.php/alacarte/lecircuit/1744
[Thu Jun 11 08:33:29.654133 2015] [:error] [pid 8886] [client 192.168.1.42:50341] is_open_query1 = INSERT INTO lecture_seules(url,login,date_timeout,premier)  values ('http://srvmt/moulinette/index.php/auth/login','',now(),1), referer: http://srvmt/moulinette/index.php/auth/login
[Thu Jun 11 08:34:21.518191 2015] [:error] [pid 9155] [client 192.168.1.253:53307] is_open_query1 = INSERT INTO lecture_seules(url,login,date_timeout,premier)  values ('http://srvmt/moulinette/index.php/alacarte/reservation/1548','angola',now(),1), referer: http://srvmt/moulinette/index.php/alacarte/reservation/1548
[Thu Jun 11 08:34:23.578364 2015] [:error] [pid 9352] [client 192.168.1.253:53327] is_open_query1 = INSERT INTO lecture_seules(url,login,date_timeout,premier)  values ('http://srvmt/moulinette/index.php/alacarte/lecircuit/1548','angola',now(),1), referer: http://srvmt/moulinette/index.php/alacarte/lecircuit/1548
[Thu Jun 11 08:36:11.329137 2015] [:error] [pid 9536] [client 192.168.1.253:53488] isopen = select url,login from lecture_seules where url = 'http://srvmt/moulinette/index.php/bienvenue/tableauDeBord' order by date_timeout desc , referer: http://srvmt/moulinette/index.php/bienvenue/accueil
[Thu Jun 11 08:36:11.329463 2015] [:error] [pid 9536] [client 192.168.1.253:53488] is_open_query1 = INSERT INTO lecture_seules(url,login,date_timeout,premier)  values ('http://srvmt/moulinette/index.php/bienvenue/tableauDeBord','stephanie',now(),0), referer: http://srvmt/moulinette/index.php/bienvenue/accueil
[Thu Jun 11 08:36:17.076990 2015] [:error] [pid 9093] [client 192.168.1.253:53498] isopen = select url,login from lecture_seules where url = 'http://srvmt/moulinette/index.php/alacarte/acceuil' order by date_timeout desc , referer: http://srvmt/moulinette/index.php/bienvenue/accueil
[Thu Jun 11 08:36:17.077238 2015] [:error] [pid 9093] [client 192.168.1.253:53498] is_open_query1 = INSERT INTO lecture_seules(url,login,date_timeout,premier)  values ('http://srvmt/moulinette/index.php/alacarte/acceuil','stephanie',now(),0), referer: http://srvmt/moulinette/index.php/bienvenue/accueil
[Thu Jun 11 08:37:22.587182 2015] [:error] [pid 9530] [client 127.0.0.1:55122] id_vpg = 4426
[Thu Jun 11 08:37:40.795786 2015] [:error] [pid 9065] [client 192.168.1.253:53667] is_open_query1 = INSERT INTO lecture_seules(url,login,date_timeout,premier)  values ('http://srvmt/moulinette/index.php/production/getCircuit/2144/0/3900','felana',now(),1), referer: http://srvmt/moulinette/index.php/production/getCircuit/2144/0/3900
[Thu Jun 11 08:37:54.145707 2015] [:error] [pid 9711] [client 192.168.1.253:53731] is_open_query1 = INSERT INTO lecture_seules(url,login,date_timeout,premier)  values ('http://srvmt/moulinette/index.php/production/getCircuit/2144/0','felana',now(),1), referer: http://srvmt/moulinette/index.php/production/getCircuit/2144/0
[Thu Jun 11 08:39:53.227074 2015] [:error] [pid 9784] [client 192.168.1.253:54091] is_open_query1 = INSERT INTO lecture_seules(url,login,date_timeout,premier)  values ('http://srvmt/moulinette/index.php/alacarte/reservation/1548','angola',now(),1), referer: http://srvmt/moulinette/index.php/alacarte/reservation/1548
[Thu Jun 11 08:39:54.638187 2015] [:error] [pid 9720] [client 192.168.1.253:54094] is_open_query1 = INSERT INTO lecture_seules(url,login,date_timeout,premier)  values ('http://srvmt/moulinette/index.php/alacarte/lecircuit/1548','angola',now(),1), referer: http://srvmt/moulinette/index.php/alacarte/lecircuit/1548
[Thu Jun 11 08:40:26.689488 2015] [:error] [pid 9718] [client 192.168.1.253:54155] is_open_query1 = INSERT INTO lecture_seules(url,login,date_timeout,premier)  values ('http://srvmt/moulinette/index.php/alacarte/lecircuit/1548','angola',now(),1), referer: http://srvmt/moulinette/index.php/alacarte/lecircuit/1548
[Thu Jun 11 08:40:51.389119 2015] [:error] [pid 9784] [client 192.168.1.253:54172] is_open_query1 = INSERT INTO lecture_seules(url,login,date_timeout,premier)  values ('http://srvmt/moulinette/index.php/bienvenue/accueil#','stephanie',now(),1), referer: http://srvmt/moulinette/index.php/bienvenue/accueil
[Thu Jun 11 08:40:53.130579 2015] [:error] [pid 9784] [client 192.168.1.253:54172] isopen = select url,login from lecture_seules where url = 'http://srvmt/moulinette/index.php/alacarte/lecircuit/1701' order by date_timeout desc , referer: http://srvmt/moulinette/index.php/alacarte/acceuil
[Thu Jun 11 08:40:53.130830 2015] [:error] [pid 9784] [client 192.168.1.253:54172] is_open_query1 = INSERT INTO lecture_seules(url,login,date_timeout,premier)  values ('http://srvmt/moulinette/index.php/alacarte/lecircuit/1701','stephanie',now(),1), referer: http://srvmt/moulinette/index.php/alacarte/acceuil
[Thu Jun 11 08:42:52.319464 2015] [:error] [pid 9352] [client 192.168.1.253:54470] soa, referer: http://srvmt/moulinette/index.php/auth/login
[Thu Jun 11 08:42:52.319497 2015] [:error] [pid 9352] [client 192.168.1.253:54470] rose, referer: http://srvmt/moulinette/index.php/auth/login
[Thu Jun 11 08:45:35.115402 2015] [:error] [pid 10176] [client 127.0.0.1:55197] id_vpg = 4427
[Thu Jun 11 08:45:46.933852 2015] [:error] [pid 10090] [client 192.168.1.253:55136] is_open_query1 = INSERT INTO lecture_seules(url,login,date_timeout,premier)  values ('http://srvmt/moulinette/index.php/alacarte/reservation/1548','angola',now(),1), referer: http://srvmt/moulinette/index.php/alacarte/reservation/1548
[Thu Jun 11 08:45:46.944283 2015] [:error] [pid 9530] [client 192.168.1.253:55137] is_open_query1 = INSERT INTO lecture_seules(url,login,date_timeout,premier)  values ('http://srvmt/moulinette/index.php/alacarte/lecircuit/1548','angola',now(),1), referer: http://srvmt/moulinette/index.php/alacarte/lecircuit/1548
[Thu Jun 11 08:45:47.538663 2015] [:error] [pid 9091] [client 192.168.1.253:55139] is_open_query1 = INSERT INTO lecture_seules(url,login,date_timeout,premier)  values ('http://srvmt/moulinette/index.php/production/getCircuit/2144/0/3901','felana',now(),1), referer: http://srvmt/moulinette/index.php/production/getCircuit/2144/0/3901
[Thu Jun 11 08:46:06.572589 2015] [:error] [pid 9530] [client 192.168.1.253:55195] is_open_query1 = INSERT INTO lecture_seules(url,login,date_timeout,premier)  values ('http://srvmt/moulinette/index.php/production/getCircuit/2144/0','felana',now(),1), referer: http://srvmt/moulinette/index.php/production/getCircuit/2144/0
[Thu Jun 11 08:46:13.094495 2015] [:error] [pid 10232] [client 192.168.1.253:55201] isopen = select url,login from lecture_seules where url = 'http://srvmt/moulinette/index.php/alacarte/acceuil' order by date_timeout desc , referer: http://srvmt/moulinette/index.php/bienvenue/accueil
[Thu Jun 11 08:46:13.094821 2015] [:error] [pid 10232] [client 192.168.1.253:55201] is_open_query1 = INSERT INTO lecture_seules(url,login,date_timeout,premier)  values ('http://srvmt/moulinette/index.php/alacarte/acceuil','felana',now(),0), referer: http://srvmt/moulinette/index.php/bienvenue/accueil
[Thu Jun 11 08:48:01.269228 2015] [:error] [pid 10634] [client 192.168.1.253:55395] isopen = select url,login from lecture_seules where url = 'http://srvmt/moulinette/index.php/carnet/repertoire' order by date_timeout desc , referer: http://srvmt/moulinette/index.php/bienvenue/accueil
[Thu Jun 11 08:48:01.269575 2015] [:error] [pid 10634] [client 192.168.1.253:55395] is_open_query1 = INSERT INTO lecture_seules(url,login,date_timeout,premier)  values ('http://srvmt/moulinette/index.php/carnet/repertoire','soa',now(),1), referer: http://srvmt/moulinette/index.php/bienvenue/accueil
[Thu Jun 11 08:48:24.187263 2015] [:error] [pid 10634] [client 192.168.1.253:55395] is_open_query1 = INSERT INTO lecture_seules(url,login,date_timeout,premier)  values ('http://srvmt/moulinette/index.php/carnet/repertoire','soa',now(),1), referer: http://srvmt/moulinette/index.php/carnet/repertoire
[Thu Jun 11 08:51:53.193014 2015] [:error] [pid 10969] [client 192.168.1.253:56044] is_open_query1 = INSERT INTO lecture_seules(url,login,date_timeout,premier)  values ('http://srvmt/moulinette/index.php/alacarte/reservation/1548','angola',now(),1), referer: http://srvmt/moulinette/index.php/alacarte/reservation/1548
[Thu Jun 11 08:51:53.229665 2015] [:error] [pid 10530] [client 192.168.1.253:56046] is_open_query1 = INSERT INTO lecture_seules(url,login,date_timeout,premier)  values ('http://srvmt/moulinette/index.php/alacarte/lecircuit/1548','angola',now(),1), referer: http://srvmt/moulinette/index.php/alacarte/lecircuit/1548
[Thu Jun 11 08:52:08.843825 2015] [:error] [pid 10969] [client 192.168.1.253:56070] isopen = select url,login from lecture_seules where url = 'http://srvmt/moulinette/index.php/alacarte/acceuil' order by date_timeout desc , referer: http://srvmt/moulinette/index.php/bienvenue/accueil
[Thu Jun 11 08:52:08.844204 2015] [:error] [pid 10969] [client 192.168.1.253:56070] is_open_query1 = INSERT INTO lecture_seules(url,login,date_timeout,premier)  values ('http://srvmt/moulinette/index.php/alacarte/acceuil','rina',now(),0), referer: http://srvmt/moulinette/index.php/bienvenue/accueil
[Thu Jun 11 08:53:56.546426 2015] [:error] [pid 10778] [client 192.168.1.126:49759] johary, referer: http://srvmt/moulinette/index.php/auth/login
[Thu Jun 11 08:53:56.546462 2015] [:error] [pid 10778] [client 192.168.1.126:49759] doudou, referer: http://srvmt/moulinette/index.php/auth/login
[Thu Jun 11 08:54:04.982523 2015] [:error] [pid 11150] [client 192.168.1.253:56338] isopen = select url,login from lecture_seules where url = 'http://srvmt/moulinette/index.php/alacarte/lecircuit/1847' order by date_timeout desc , referer: http://srvmt/moulinette/index.php/alacarte/acceuil
[Thu Jun 11 08:54:04.982736 2015] [:error] [pid 11150] [client 192.168.1.253:56338] is_open_query1 = INSERT INTO lecture_seules(url,login,date_timeout,premier)  values ('http://srvmt/moulinette/index.php/alacarte/lecircuit/1847','angola',now(),1), referer: http://srvmt/moulinette/index.php/alacarte/acceuil
[Thu Jun 11 08:54:11.076000 2015] [:error] [pid 10176] [client 127.0.0.1:55274] id_vpg = 4428
[Thu Jun 11 08:54:23.230688 2015] [:error] [pid 10984] [client 192.168.1.253:56366] is_open_query1 = INSERT INTO lecture_seules(url,login,date_timeout,premier)  values ('http://srvmt/moulinette/index.php/production/getCircuit/2144/0/3902','felana',now(),1), referer: http://srvmt/moulinette/index.php/production/getCircuit/2144/0/3902
[Thu Jun 11 08:54:40.879988 2015] [:error] [pid 11228] [client 192.168.1.253:56423] is_open_query1 = INSERT INTO lecture_seules(url,login,date_timeout,premier)  values ('http://srvmt/moulinette/index.php/production/getCircuit/2144/0','felana',now(),1), referer: http://srvmt/moulinette/index.php/production/getCircuit/2144/0
